o(-12).
5
Let q(y) = -y**3 + 25*y**2 + 25*y + 26. Calculate q(26).
0
Let w(c) = -c**3 + 7*c**2 + 8*c - 9. What is w(8)?
-9
Let f(h) = -5*h + 41. What is f(18)?
-49
Let o(z) = -z - 9. Give o(13).
-22
Let j(s) = -8*s - 2. Determine j(7).
-58
Let d(y) = y - 4. Calculate d(2).
-2
Let k(l) = l**2 + l - 13. What is k(0)?
-13
Let k(v) = v**3 + 3*v**2 + 2*v - 1. What is k(-4)?
-25
Let g(j) = j**2 - 8*j + 15. Calculate g(8).
15
Let x(f) = -f**2 - 27*f + 2. What is x(0)?
2
Let l(r) = r**3 + 3*r**2 + 2*r - 2. Give l(-3).
-8
Let g(u) = -3*u - 3. Determine g(6).
-21
Let f(u) = u**2 - 15*u + 17. What is f(14)?
3
Let z(t) = -t**2 - 4*t + 9. Give z(4).
-23
Let w(b) = -b**3 - 8*b**2 + 11*b + 9. Calculate w(-9).
-9
Let q(y) = y**2 - 6*y - 83. Determine q(13).
8
Let m(j) = -j + 2. Calculate m(-8).
10
Let l(b) = -b**2 - 15*b - 13. Calculate l(-14).
1
Let z(u) = u**2 + 8. What is z(8)?
72
Let y(n) = -8*n + 170. Calculate y(27).
-46
Let i(b) = -b**2 - 6*b + 2. Give i(-11).
-53
Let p(y) = -2*y**3 + 7*y**2 - 2*y - 6. Give p(3).
-3
Let m(y) = -y**2 + 5*y + 11. Calculate m(7).
-3
Let h(y) = y**3 + 5*y**2 - 5*y + 6. Calculate h(-6).
0
Let u(x) = x**2 + 2*x + 5. Give u(-3).
8
Let j(u) = -u**2 + 72*u - 1213. Calculate j(27).
2
Let k(m) = -2*m**2 + 7*m + 7. Calculate k(6).
-23
Let z(m) = m**3 - 11*m**2 + 6*m - 13. Calculate z(10).
-53
Let u(w) = -w**3 - 3*w**2 + 4*w + 6. Give u(-4).
6
Let m(y) = -y**3 + 26*y**2 + 87*y + 10. Determine m(29).
10
Let o(t) = -2*t**2 + 4. What is o(-3)?
-14
Let o(r) = 3*r - 14. Give o(8).
10
Let z(i) = i - 18. Determine z(5).
-13
Let k(d) = -d**2 - 28*d - 55. Calculate k(-26).
-3
Let g(m) = m**2 + 28*m + 71. Calculate g(-25).
-4
Let m(v) = -14*v + 100. Give m(11).
-54
Let m(w) = w**3 - 9*w**2 - w + 11. Give m(9).
2
Let k(a) = -a**3 + 2*a**2 - 19*a + 57. What is k(3)?
-9
Let n(d) = -d - 12. Determine n(-5).
-7
Let m(w) = -w**3 - 8*w**2 - 8*w + 7. Give m(-8).
71
Let d(v) = -v**3 - 20*v**2 + 19*v + 31. Determine d(-21).
73
Let h(j) = -6*j**2 + 2*j + 4. Give h(-1).
-4
Let o(h) = 8*h + 19. What is o(9)?
91
Let h(m) = 12*m**2 - 2*m. Determine h(-1).
14
Let h(n) = 20*n + 93. Determine h(-4).
13
Let j(y) = -y + 4. Give j(10).
-6
Let x(y) = -y**2 + 17*y + 55. Determine x(17).
55
Let c(g) = g**3 + g**2 - 4*g. Give c(-3).
-6
Let l(i) = -i**3 - 9*i**2 + i - 63. Determine l(-10).
27
Let h(s) = -2*s + 2. Give h(1).
0
Let a(k) = 46*k - 366. What is a(8)?
2
Let m(u) = u**3 + 10*u**2 - 2*u - 9. What is m(-10)?
11
Let o(i) = -2*i**3 - 21*i**2 - 55*i - 6. Give o(-4).
6
Let v(j) = 2*j + 9. Determine v(-7).
-5
Let p(w) = 8*w - 18. What is p(6)?
30
Let q(y) = -y**3 - 12*y**2 + y + 17. Give q(-12).
5
Let q(w) = -w - 18. Give q(-15).
-3
Let f(k) = -k**3 - 6*k**2 + 3*k + 29. Give f(-5).
-11
Let v(u) = -u**2 - 28*u + 52. What is v(-28)?
52
Let k(r) = r - 70. Determine k(29).
-41
Let k(p) = -164*p - 1145. What is k(-7)?
3
Let t(j) = -j**3 - 17*j**2 - j - 6. Determine t(-17).
11
Let o(m) = -8*m**2 + 3*m - 5. Determine o(2).
-31
Let d(g) = 2*g**2 + 4*g - 15. What is d(-5)?
15
Let p(j) = -8*j - 47. What is p(-6)?
1
Let z(r) = -2*r - 10. Calculate z(-13).
16
Let k(y) = y**2 - 4*y. Give k(-5).
45
Let d(c) = -c**3 + 7*c**2 + 3*c + 6. Give d(9).
-129
Let o(d) = d**3 + 5*d**2 - d - 4. Give o(-5).
1
Let k(g) = g**3 + 38*g**2 - 39*g + 6. Calculate k(-39).
6
Let s(t) = t**3 + 15*t**2 + 28*t - 4. Determine s(-13).
-30
Let l(t) = -2*t**2 + 37*t + 63. Determine l(20).
3
Let x(z) = z**2 + 5*z + 6. Determine x(-3).
0
Let c(t) = t**2 + 2*t + 17. What is c(8)?
97
Let v(l) = -l**3 + 37*l**2 - 131*l - 39. Give v(33).
-6
Let m(u) = -u**3 + 14*u**2 - 2*u + 6. Calculate m(13).
149
Let l(j) = 3*j - 26. Determine l(8).
-2
Let b(c) = -24*c - 65. Determine b(-3).
7
Let l(i) = -5*i - 4. Give l(7).
-39
Let k(t) = 3*t**2 - 24*t + 18. What is k(6)?
-18
Let d(c) = c**3 + 7*c**2 + 3*c - 14. What is d(-6)?
4
Let r(c) = -23*c**2 + 1. Determine r(1).
-22
Let l(g) = -g**3 + 10*g**2 - 7*g. Give l(9).
18
Let b(x) = 3*x + 7. What is b(-11)?
-26
Let p(w) = -w**3 - 6*w**2 + 7*w - 2. Give p(-7).
-2
Let m(o) = -o**3 - 6*o**2 + 18*o - 17. Determine m(-8).
-33
Let y(k) = 10*k - 39. Give y(3).
-9
Let i(f) = -95*f - 282. Calculate i(-3).
3
Let v(p) = 7*p. Determine v(5).
35
Let o(h) = h**2 + 21*h - 90. What is o(4)?
10
Let y(u) = 8*u**2 + u + 2. Give y(-2).
32
Let d(g) = -3*g + 5. Calculate d(-2).
11
Let b(v) = v**3 + 12*v**2 - 2*v - 4. Calculate b(-12).
20
Let x(b) = 2*b - 29. Determine x(12).
-5
Let h(v) = -v**3 + 2*v**2 + 8*v - 5. Calculate h(5).
-40
Let n(k) = 7*k - 4. What is n(4)?
24
Let h(t) = 69*t - 362. Determine h(5).
-17
Let a(q) = -3*q - 2. What is a(-3)?
7
Let l(s) = -s**3 + 6*s**2 + 6*s - 2. Calculate l(7).
-9
Let t(j) = j**3 - 28*j**2 + 161*j - 15. Give t(20).
5
Let p(q) = -q**2 + 11*q - 15. What is p(7)?
13
Let i(f) = -f**2 - 4*f + 20. Calculate i(-9).
-25
Let c(l) = -l + 4. Calculate c(0).
4
Let k(i) = 3*i + 20. Give k(-12).
-16
Let y(i) = i**3 - 9*i**2 + 21*i - 1. Calculate y(7).
48
Let b(t) = -5*t - 19. What is b(-8)?
21
Let t(j) = j**3 + 2*j**2 - 63. Calculate t(0).
-63
Let w(a) = -4*a + 6. Give w(-5).
26
Let w(p) = p**3 - 56. Determine w(0).
-56
Let b(a) = -6*a - 2. Calculate b(-1).
4
Let p(j) = j**2 + 36*j + 2. Give p(-36).
2
Let z(o) = -o**2 + 24*o - 68. Determine z(21).
-5
Let r(h) = -h**3 + 3*h**2 - 2*h - 5. Determine r(-2).
19
Let f(i) = -i**3 + 6*i**2 - 4*i + 8. Give f(5).
13
Let a(s) = 2*s**3 + 6*s**2 + 2*s - 2. Give a(-3).
-8
Let o(p) = p - 26. What is o(29)?
3
Let g(o) = -o**2 - 7*o + 17. Give g(0).
17
Let o(b) = 3*b + 7. Determine o(4).
19
Let l(b) = b**3 - 19*b**2 + 2*b - 33. What is l(19)?
5
Let s(k) = k**2 - 27*k + 53. Calculate s(25).
3
Let o(a) = -a**2 + 6*a + 109. Give o(14).
-3
Let i(u) = -232*u - 2. Give i(0).
-2
Let d(y) = 7*y**3 - y. Determine d(1).
6
Let f(j) = -j**3 + 10*j**2 - 10*j + 6. What is f(8)?
54
Let g(h) = -h - 39. Determine g(0).
-39
Let f(u) = u**2 + 58*u - 392. Calculate f(6).
-8
Let n(p) = -p + 23. Determine n(26).
-3
Let s(a) = -11*a**2 + 3*a + 2. What is s(-2)?
-48
Let i(k) = -k**3 + 13*k**2 + k - 7. Give i(13).
6
Let m(p) = -4*p - 15. Give m(-5).
5
Let h(n) = -n - 9. Calculate h(-6).
-3
Let r(g) = g**3 + 2*g**2 - 3. Calculate r(-2).
-3
Let s(d) = d**3 + 16*d**2 - 6*d - 19. Give s(-16).
77
Let i(l) = -l**3 - 4*l**2 - 9*l - 8. Determine i(-2).
2
Let x(r) = -17*r - 3. Calculate x(-3).
48
Let v(n) = -n + 3. Calculate v(4).
-1
Let z(u) = -3*u - 55. Determine z(-15).
-10
Let q(m) = 4*m + 9. Calculate q(3).
21
Let u(m) = m + 5. Calculate u(14).
19
Let u(d) = -d**2 - 10*d - 12. Calculate u(-5).
13
Let h(y) = 2*y - 3. What is h(2)?
1
Let m(o) = o**3 + 7*o**2 - 2*o + 3. Determine m(-7).
17
Let f(m) = m + 9. Calculate f(-9).
0
Let g(s) = s**3 - 14*s**2 + 2*s + 4. Calculate g(14).
32
Let r(c) = -c - 7. Determine r(-5).
-2
Let o(n) = 21*n - 138. Calculate o(6).
-12
Let i(k) = k**3 + 4*k**2 - 6*k - 1. What is i(-6)?
-37
Let y(c) = c**3 - 3*c**2 - 90*c - 14. What is y(-8)?
2
Let b(c) = 8*c - 9. Give b(5).
31
Let t(j) = j**3 - 22*j**2 + 2*j - 45. Determine t(22).
-1
Let p(k) = 3*k + 1. Determine p(-8).
-23
Let h(r) = -r**2 - r + 1. Determine h(2).
-5
Let a(l) = l**3 + 5*l**2 + 2*l - 7. Give a(-3).
5
Let w(b) = b**3 + b**2 + 2*b + 35. What is w(0)?
35
Let r(x) = -x**2 - 3*x + 8. Give r(4).
-20
Let r(n) = n**3 + 13*n**2 + 16*n - 10. What is r(-12)?
-58
Let j(k) = k**2 + 7*k + 19. What is j(-4)?
7
Let r(n) = -3*n + 42. Determine r(17).
-9
Let u(p) = -3*p**3 - p**2 - 6*p + 4. Calculate u(-3).
94
Let o(r) = r**2 + 13*r - 82. Determine o(-19).
32
Let d(j) = -j**3 - 3*j**2 - 2*j + 9. What is d(-6)?
129
Let w(b) = -b**3 + 6*b**2 - 5*b + 5. What is w(4)?
17
Let m(x) = x**3 - 9*x**2 + 7*x + 7. Give m(7).
-42
Let f(q) = -11*q - 10. Give f(-2).
12
Let h(p) = 20*p - 1. What is h(-1)?
-21
Let x(i) = -35*i + 69. Determine x(2).
-1
Let g(t) = -16*t + 6. Determine g(3).
-42
Let h(g) = -g**3 - 11*g**2 - 9*g + 5. What is h(-10)?
-5
Let t(n) = n**3 + 5*n**2 - 8*n + 8. What is t(-7)?
-34
Let r(w) = -w + 24. What is r(8)?
16
Let v(a) = 25*a - 43. Give v(-4).
-143
Let s(a) = a + 4. Give s(2).
6
Let w(t) = 4*t + 4. Give w(-2).
-4
Let f(a) = a**3 - 8*a**2 + 8*a + 1. Determine f(7).
8
Let g(p) = -p**2 - 12*p - 12. Determine g(-11).
-1
Let q(h) = h**2 - 9*h + 17. Calculate q(7).
3
Let c(i) = i**3 